6).
-114
Let f(p) = -2*p**2 + 59*p - 385. Calculate f(20).
-5
Let k(m) = -250*m + 16238. Calculate k(65).
-12
Let x(j) = -24*j - 826. Determine x(-35).
14
Let i(z) = -z**3 + 49*z**2 + 98*z + 210. Determine i(51).
6
Let g(u) = 343*u**3 + 5*u**2 - 5*u + 2. What is g(1)?
345
Let j(d) = -d**3 - 2*d**2 - 2*d - 3. What is j(-3)?
12
Let n(u) = u**3 - 25*u**2 + 123*u + 102. Give n(18).
48
Let w(h) = 8*h - 109. What is w(-2)?
-125
Let v(q) = -509*q - 6. What is v(0)?
-6
Let k(n) = n**3 - 27*n**2 + 86*n + 158. Give k(23).
20
Let x(n) = n**3 - 3*n**2 - 109*n + 17. What is x(12)?
5
Let q(n) = 53*n - 7188. Calculate q(136).
20
Let p(k) = 2*k**2 + 9*k + 137. Determine p(0).
137
Let m(s) = -s**3 + 14*s**2 - 25*s - 156. Determine m(7).
12
Let o(z) = 22*z**3 + 110*z**2 - 37*z - 188. Give o(-5).
-3
Let k(h) = -605*h + 5476. Calculate k(9).
31
Let r(c) = -c**2 - 2721*c - 5442. Determine r(-2).
-4
Let r(x) = -2*x**2 + 803*x - 16690. Give r(22).
8
Let j(d) = -111*d - 5028. Calculate j(-45).
-33
Let t(c) = -c**3 - 39*c**2 + c + 47. What is t(-39)?
8
Let x(s) = -s**3 + 34*s**2 - 124*s - 15. What is x(30)?
-135
Let y(m) = 38*m - 223. Calculate y(9).
119
Let n(g) = -g**3 - 65*g**2 + 1204*g + 312. Give n(-80).
-8
Let p(d) = 2*d**2 + 195*d + 2535. Calculate p(-82).
-7
Let c(a) = a**3 + 26*a**2 + 35*a + 46. Calculate c(-25).
-204
Let g(j) = -5*j**3 + 8*j**2 + j - 6. What is g(-1)?
6
Let h(o) = -40*o + 236. What is h(6)?
-4
Let j(x) = x**2 + 65*x - 80. Calculate j(0).
-80
Let u(i) = 277*i + 1111. What is u(-4)?
3
Let h(p) = 93*p**2 - 2049*p + 79. What is h(22)?
13
Let l(w) = -13*w + 293. Calculate l(26).
-45
Let i(o) = -o**3 - 9*o**2 - 480*o - 1381. What is i(-3)?
5
Let o(p) = -1001*p - 3920. Calculate o(-4).
84
Let t(m) = m**3 + 6*m**2 + 16*m + 39. Determine t(-5).
-16
Let s(p) = 2*p**3 - 11*p**2 - 74*p - 14. What is s(10)?
146
Let h(m) = -m**2 + 10*m + 95. Determine h(17).
-24
Let r(n) = -n**3 - 7*n**2 + 27*n + 27. Determine r(-11).
214
Let b(x) = 1245*x + 12. Give b(0).
12
Let w(l) = -l**3 - 12*l**2 + 4*l - 277. What is w(-14)?
59
Let d(p) = 5*p**2 - 35*p - 291. Calculate d(12).
9
Let g(d) = 117*d - 15700. Give g(134).
-22
Let u(h) = 27*h + 489. What is u(-17)?
30
Let g(a) = -18*a**3 + 50*a**2 + 8*a + 3. What is g(3)?
-9
Let i(c) = -2*c**3 - 362*c**2 + 354*c - 1824. Determine i(-182).
-4
Let f(i) = -430*i - 3014. What is f(-7)?
-4
Let r(n) = 2*n**3 - 259*n**2 - 127*n - 381. Determine r(130).
9
Let k(l) = -l**3 - 47*l**2 + 4*l + 182. Give k(-47).
-6
Let a(n) = 37*n**2 - 6658*n - 289. Calculate a(180).
71
Let w(g) = -g**3 - 22*g**2 + 5*g + 3. Determine w(-22).
-107
Let y(z) = -31*z + 604. Calculate y(11).
263
Let f(p) = p**3 + 108*p**2 + 322*p + 163. Calculate f(-105).
-572
Let c(b) = -30*b - 499. What is c(-17)?
11
Let t(m) = -2*m**2 + 590*m - 19523. Determine t(257).
9
Let m(i) = 2*i**2 + 4*i + 22. Give m(-4).
38
Let r(i) = i**3 - 9*i**2 + 10*i + 8. Determine r(2).
0
Let y(k) = 8*k + 426. Give y(-59).
-46
Let k(l) = -12182*l - 24355. Determine k(-2).
9
Let s(i) = -i + 88. Determine s(10).
78
Let o(j) = -5*j**2 - j + 623. Determine o(11).
7
Let x(k) = -2*k**2 + 686*k + 2763. Give x(-4).
-13
Let d(s) = 2*s**3 - 73*s**2 - 31*s - 194. Give d(37).
28
Let f(m) = 386*m + 1414. Calculate f(-4).
-130
Let b(w) = w**3 - 2*w**2 + 10*w + 11. Give b(4).
83
Let l(n) = -n**3 + 4*n**2 + 77*n + 8. Give l(-7).
8
Let s(d) = -d**2 + 11*d + 51. Calculate s(14).
9
Let v(u) = -44*u + 1188. Give v(27).
0
Let c(a) = 3*a**2 + 190*a + 890. What is c(-5)?
15
Let n(j) = j**3 + 6*j**2 - 61*j - 457. What is n(-8)?
-97
Let b(r) = -r**2 + 17*r + 243. Give b(31).
-191
Let z(w) = 2*w**2 - 95*w + 46. What is z(47)?
-1
Let l(j) = -j**3 - 21*j**2 - 65*j + 70. Give l(-17).
19
Let a(w) = w**3 - 53*w**2 + 50*w + 141. Determine a(52).
37
Let j(n) = 46*n**2 - 5*n - 10. Determine j(3).
389
Let p(q) = -6209*q - 6211. What is p(-1)?
-2
Let s(j) = -3*j**2 - 219*j - 512. Give s(-71).
-86
Let z(n) = -309*n - 42326. Give z(-137).
7
Let x(o) = -3*o**3 + 15*o**2 + o + 88. Calculate x(7).
-199
Let y(g) = -48*g + 2676. What is y(56)?
-12
Let i(k) = 2*k**2 - 145*k + 2293. What is i(48)?
-59
Let l(u) = -1029*u - 32932. Calculate l(-32).
-4
Let n(p) = 3*p**3 - 111*p**2 + 4*p - 171. What is n(37)?
-23
Let g(f) = -485*f**2 - 66*f + 65. What is g(1)?
-486
Let l(x) = -2*x**3 + 28*x**2 - 28*x - 3. What is l(13)?
-29
Let u(b) = b - 118. Calculate u(-17).
-135
Let w(r) = -r**3 + 20*r**2 + 93*r + 73. Calculate w(24).
1
Let q(u) = 5*u**2 - 217*u + 953. Give q(5).
-7
Let t(g) = -48*g**2 - 1971*g - 116. What is t(-41)?
7
Let o(d) = 461*d - 3224. What is o(7)?
3
Let p(c) = c**3 + 42*c**2 - 111*c + 1087. Calculate p(-45).
7
Let s(w) = w**2 - 854*w + 5094. Give s(6).
6
Let h(w) = -15*w + 87. Give h(-13).
282
Let l(i) = i**2 + 14*i + 240. Calculate l(-28).
632
Let m(b) = 70*b**2 + 25*b - 24. Calculate m(1).
71
Let l(g) = 1336*g - 44. Give l(0).
-44
Let f(r) = 3*r**2 - 128*r - 403. Give f(-3).
8
Let d(a) = 5*a**2 + 48*a - 13. Calculate d(-13).
208
Let d(s) = -s**2 + 136*s - 3543. Determine d(35).
-8
Let h(a) = 169*a + 3555. Calculate h(-21).
6
Let h(c) = 21*c + 76. Determine h(15).
391
Let u(s) = -s**2 - 30*s - 169. Determine u(-22).
7
Let x(l) = 29*l - 109. Give x(-4).
-225
Let n(w) = -276*w - 2493. Determine n(-9).
-9
Let p(l) = -31*l**2 - 22*l + 40. Give p(2).
-128
Let s(o) = 198*o - 991. Determine s(5).
-1
Let a(o) = o**3 + 18*o**2 + 16*o - 30. Determine a(-17).
-13
Let a(l) = -2*l**3 - 23*l**2 - 39*l + 9. Determine a(-9).
-45
Let g(d) = -25*d - 3329. Give g(-133).
-4
Let p(s) = -172*s - 3224. Give p(-19).
44
Let m(n) = 8*n**2 + 8*n - 34. Determine m(-6).
206
Let n(l) = 41*l + 548. Give n(-13).
15
Let j(x) = -x**2 - x + 131. Give j(10).
21
Let k(f) = 14*f - 62. Determine k(6).
22
Let d(r) = -317*r + 12439. Calculate d(39).
76
Let y(t) = 12*t + 115. Calculate y(-12).
-29
Let l(f) = f**3 - f**2 - 107*f + 213. What is l(2)?
3
Let s(a) = a**3 - 59*a**2 - 273*a + 1424. Calculate s(63).
101
Let w(y) = 13*y + 95. What is w(-3)?
56
Let f(l) = 25*l - 607. Calculate f(-7).
-782
Let h(c) = -c**2 + 57*c + 1065. Give h(69).
237
Let s(a) = a**3 - 13*a**2 + 33*a + 8. Calculate s(10).
38
Let r(c) = -158*c - 15814. Calculate r(-100).
-14
Let v(h) = h**3 - 176*h**2 + 7453*h + 206. Determine v(105).
-4
Let v(m) = -8*m - 4. Determine v(-42).
332
Let w(d) = -262*d - 6575. Determine w(-25).
-25
Let v(m) = -77*m**3 + 848*m**2 - 12*m + 10. Calculate v(11).
-1
Let o(r) = 2*r**3 - 33*r**2 + 94*r - 59. Give o(13).
-20
Let c(l) = -l**3 + 36*l**2 - 104*l + 2418. What is c(35)?
3
Let b(s) = s**3 + 71*s**2 + 272*s + 445. Calculate b(-67).
177
Let s(y) = -y**3 + 20*y**2 - 5*y + 106. Determine s(20).
6
Let b(x) = -3*x**3 - 60*x**2 - 256*x - 66. Determine b(-14).
-10
Let x(f) = f**2 + 38*f - 213. Give x(-45).
102
Let i(v) = 1164*v + 6961. Determine i(-6).
-23
Let y(z) = -18*z**3 - 4*z**2 + 19*z - 7. Determine y(3).
-472
Let f(k) = -134*k**2 - 1472*k + 27. Calculate f(-11).
5
Let h(k) = k**2 + 31*k + 204. What is h(-8)?
20
Let b(j) = -j**3 - 211*j**2 + 1526*j - 4. What is b(7)?
-4
Let r(q) = q**3 - 20*q**2 + 91*q - 95. Calculate r(14).
3
Let q(f) = -f**3 + 10*f**2 + 969*f - 1177. Give q(36).
11
Let n(i) = -5*i**3 - 12*i**2 - 12*i - 11. Give n(-1).
-6
Let x(u) = -1783*u - 19534. Give x(-11).
79
Let w(z) = -2*z**3 + 32*z**2 + 19*z + 260. Give w(17).
5
Let k(w) = 7*w + 198. Determine k(-16).
86
Let h(g) = 113*g - 12548. Give h(111).
-5
Let w(u) = 2*u**2 - 122*u - 276. Give w(63).
-24
Let l(v) = -77*v + 713. Calculate l(7).
174
Let o(g) = 13*g**2 + 1564*g + 1564. What is o(-1)?
13
Let f(z) = -334*z - 1063. Calculate f(-4).
273
Let c(i) = -6*i**3 - 120*i**2 - 18*i - 347. Give c(-20).
13
Let p(d) = 19*d - 290. What is p(15)?
-5
Let t(l) = l**3 - 79*l**2 - 2879*l + 1806. Calculate t(106).
4
Let q(a) = 9*a**3 + 38*a**2 - 5*a - 25. What is q(-4)?
27
Let i(w) = 476*w - 1988. Calculate i(4).
-84
Let u(s) = -33*s**3 - 7*s**2 + 11*s - 3. What is u(1)?
-32
Let n(v) = -v**2 - 10*v + 375. Calculate n(15).
0
Let c(n) = -3*n**3 + 103*n**2 - 24*n - 25. Determine c(34).
315
Let a(x) = 2*x**3 + 26*x**2 + 74*x - 18. Calculate a(-9).
-36
Let z(b) = -60*b**2 + 5*b + 4. Calculate z(-1).
-61
Let w(f) = 91*f + 5608. Calculate w(-63).
-125
Let k(q) = q**3 - 8*q**2 + 7*q - 23. Determine k(8).
33